77
What are the prime factors of 725933640?
2, 3, 5, 59, 102533
List the prime factors of 97308863.
193, 347, 1453
List the prime factors of 381210435.
3, 5, 181, 15601
List the prime factors of 9478432697.
97, 571, 171131
List the prime factors of 6044056795.
5, 7, 172687337
List the prime factors of 47866153.
29, 1650557
List the prime factors of 432040763.
7, 11, 23, 243953
List the prime factors of 1280206396.
2, 7, 19, 71, 33893
List the prime factors of 125487285.
3, 5, 7, 11, 17, 83
List the prime factors of 553945988.
2, 19, 7288763
What are the prime factors of 1388334173?
2069, 671017
List the prime factors of 262657032.
2, 3, 11, 994913
List the prime factors of 29126820.
2, 3, 5, 485447
What are the prime factors of 78226904?
2, 7, 1396909
List the prime factors of 29889049.
751, 39799
List the prime factors of 1877321507.
2819, 665953
What are the prime factors of 5920516?
2, 7, 353, 599
List the prime factors of 57689186.
2, 587, 49139
List the prime factors of 262326363.
3, 13, 421, 1229
List the prime factors of 657785721.
3, 219261907
List the prime factors of 76856378.
2, 31, 1239619
List the prime factors of 60542924.
2, 13, 1164287
List the prime factors of 8007942908.
2, 7, 47, 907, 6709
List the prime factors of 5045919744.
2, 3, 205319
List the prime factors of 177804795.
3, 5, 7, 37, 45767
What are the prime factors of 82513828?
2, 2699, 7643
List the prime factors of 2965854.
2, 3, 17, 29077
List the prime factors of 47228837.
107, 193, 2287
List the prime factors of 123672536.
2, 13, 1189159
List the prime factors of 7583581.
17, 61, 71, 103
What are the prime factors of 1069180440?
2, 3, 5, 47, 293, 647
List the prime factors of 4450252199.
47, 94686217
List the prime factors of 203541548.
2, 7, 41, 177301
What are the prime factors of 284904?
2, 3, 1319
List the prime factors of 30155451.
3, 19, 529043
List the prime factors of 6365536966.
2, 50377, 63179
What are the prime factors of 212977475?
5, 1187, 7177
List the prime factors of 292994450.
2, 5, 7, 367, 2281
List the prime factors of 5871592758.
2, 3, 31, 1018313
List the prime factors of 532666486.
2, 11, 571, 42403
What are the prime factors of 423155835?
3, 5, 9403463
What are the prime factors of 129734598?
2, 3, 7, 149, 20731
List the prime factors of 621236917.
7, 88748131
List the prime factors of 23141117.
23141117
List the prime factors of 2100332493.
3, 7, 33338611
What are the prime factors of 60978686?
2, 281, 108503
What are the prime factors of 6833804620?
2, 5, 23, 14856097
List the prime factors of 1190475260.
2, 5, 13, 4578751
List the prime factors of 4418683693.
41, 281, 383533
What are the prime factors of 2710918320?
2, 3, 5, 11, 449, 2287
List the prime factors of 101740721.
41, 59, 137, 307
What are the prime factors of 161344620?
2, 3, 5, 17, 52727
What are the prime factors of 33554571?
3, 11184857
What are the prime factors of 111403989?
3, 3011, 4111
List the prime factors of 63485885.
5, 167, 76031
List the prime factors of 952606653.
3, 2857, 111143
List the prime factors of 4910985986.
2, 41, 151, 396623
What are the prime factors of 223945462?
2, 13, 43, 383, 523
List the prime factors of 161051271.
3, 53683757
What are the prime factors of 6505912916?
2, 151, 1063, 10133
List the prime factors of 76712613.
3, 23, 269, 4133
List the prime factors of 128841368.
2, 17, 59, 16057
List the prime factors of 1124173976.
2, 331, 424537
What are the prime factors of 66132389?
661, 100049
What are the prime factors of 686567718?
2, 3, 103, 123439
What are the prime factors of 2750392108?
2, 103, 6675709
List the prime factors of 2292145870.
2, 5, 7, 17, 59, 32647
What are the prime factors of 517705704?
2, 3, 31, 231947
What are the prime factors of 87628922?
2, 157, 279073
List the prime factors of 48233043.
3, 83, 21523
List the prime factors of 6249610786.
2, 3124805393
List the prime factors of 3343431065.
5, 13, 31, 53, 31307
List the prime factors of 73876575.
3, 5, 23, 113, 379
What are the prime factors of 139386880?
2, 5, 41, 83
What are the prime factors of 230903?
233, 991
List the prime factors of 756991179.
3, 7, 19, 179, 3533
What are the prime factors of 99071308?
2, 7, 17, 29, 7177
List the prime factors of 299119760.
2, 5, 17, 219941
List the prime factors of 420804557.
241, 1187, 1471
List the prime factors of 606953294.
2, 61, 4975027
List the prime factors of 549522088.
2, 1481, 46381
What are the prime factors of 683582893?
7, 19, 5139721
What are the prime factors of 43685428?
2, 743, 14699
What are the prime factors of 1172762897?
19, 2477, 24919
What are the prime factors of 295404252?
2, 3, 11, 13, 172147
What are the prime factors of 2115451537?
887, 2384951
What are the prime factors of 26559671?
67, 396413
List the prime factors of 91998727.
91998727
List the prime factors of 658625877.
3, 7, 13, 181, 1481
List the prime factors of 9841352.
2, 1230169
What are the prime factors of 62118579?
3, 103, 201031
List the prime factors of 287945381.
287945381
List the prime factors of 2106352814.
2, 61, 17265187
What are the prime factors of 108028922?
2, 257, 210173
List the prime factors of 109535900.
2, 5, 29, 107, 353
What are the prime factors of 805320893?
13, 41, 1510921
What are the prime factors of 48104773?
37, 1300129
List the prime factors of 1472850983.
101, 144383
List the prime factors of 5187435895.
5, 109, 1061, 8971
What are the prime factors of 60910118?
2, 23, 57571
What are the prime factors of 453977303?
13, 271, 128861
What are the prime factors of 93626210?
2, 5, 29, 322849
What are the prime factors of 224403202?
2, 4153, 27017
What are the prime factors of 25554611?
59, 113, 3833
List the prime factors of 6533651434.
2, 179, 18250423
List the prime factors of 44110637.
44110637
List the prime factors of 2810687436.
2, 3, 2909, 26839
What are the prime factors of 29727970?
2, 5, 19, 47, 3329
List the prime factors of 244809104.
2, 61, 250829
List the prime factors of 1056931004.
2, 17, 197, 257, 307
List the prime factors of 401386147.
401386147
List the prime factors of 85375901.
13, 743, 8839
List the prime factors of 45543844.
2, 11385961
List the prime factors of 3924344013.
3, 1308114671
What are the prime factors of 40686272?
2, 11, 57793
What are the prime factors of 18564730?
2, 5, 1327, 1399
List the prime factors of 328932516.
2, 3, 11, 37, 67349
List the prime factors of 3492895175.
5, 7, 11, 259213
List the prime factors of 523008216.
2, 3, 7264003
List the prime factors of 867222335.
5, 7, 505669
List the prime factors of 106411398.
2, 3, 17, 167, 6247
What are the prime factors of 305416138?
2, 89, 1715821
What are the prime factors of 34232089?
41, 563, 1483
What are the prime factors of 546153331?
23, 23745797
List the prime factors of 7600961591.
739, 10285469
List the prime factors of 239855358.
2, 3, 39975893
What are the prime factors of 41925692?
2, 47, 223009
List the prime factors of 29815662.
2, 3, 4969277
What are the prime factors of 357354098?
2, 178677049
List the prime factors of 23373586.
2, 11686793
What are the prime factors of 61579932?
2, 3, 229, 22409
List the prime factors of 1547107476.
2, 3, 128925623
List the prime factors of 5425140824.
2, 23, 29484461
What are the prime factors of 124104537?
3, 89, 154937
List the prime factors of 347694341.
1709, 203449
List the prime factors of 109258345.
5, 7, 3121667
What are the prime factors of 153752776?
2, 19219097
What are the prime factors of 52375523?
31, 1689533
List the prime factors of 210452210.
2, 5, 439, 47939
List the prime factors of 317557524.
2, 3, 26463127
List the prime factors of 9367115.
5, 31, 223, 271
What are the prime factors of 48898863?
3, 13, 139313
What are the prime factors of 271899960?
2, 3, 5, 191, 11863
List the prime factors of 38275941.
3, 11, 1159877
List the prime factors of 331359894.
2, 3, 18408883
List the prime factors of 167481393.
3, 3371, 16561
What are the prime factors of 43164292?
2, 17, 283, 2243
What are the prime factors of 37856832?
2, 3, 13, 29, 523
List the prime factors of 214742579.
19, 11302241
List the prime factors of 159623628.
2, 3, 3323, 4003
List the prime factors of 4535994378.
2, 3, 755999063
What are the prime factors of 2857677347?
7, 408239621
L